


{"id":9660,"date":"2020-02-12T12:47:15","date_gmt":"2020-02-12T12:47:15","guid":{"rendered":"https:\/\/polititzacionsdelmalestar.org\/?page_id=9660"},"modified":"2020-02-19T14:35:04","modified_gmt":"2020-02-19T14:35:04","slug":"el-derecho-a-ser-infeliz","status":"publish","type":"page","link":"https:\/\/polititzacionsdelmalestar.org\/es\/textos\/el-derecho-a-ser-infeliz\/","title":{"rendered":"El derecho a ser infeliz"},"content":{"rendered":"<div id=\"pl-9660\"  class=\"panel-layout\" ><div id=\"pg-9660-0\"  class=\"panel-grid panel-no-style\" ><div id=\"pgc-9660-0-0\"  class=\"panel-grid-cell panel-grid-cell-mobile-last\" ><div id=\"panel-9660-0-0-0\" class=\"so-panel widget widget_sow-editor panel-first-child\" data-index=\"0\" ><div\n\t\t\t\n\t\t\tclass=\"so-widget-sow-editor so-widget-sow-editor-base\"\n\t\t\t\n\t\t><h3 class=\"widget-title\">El derecho a ser infeliz<\/h3>\n<div class=\"siteorigin-widget-tinymce textwidget\">\n\t<div class=\"siteorigin-widget-tinymce textwidget\">\n<p><strong>Sobre las pol\u00edticas de control del comportamiento humano y la psicotropificaci\u00f3n de la sociedad<\/strong><\/p>\n<p>En el controvertido libro\u00a0<i>The Happiness Industry: How the Government and Big Business Sold Us Wellbeing, <\/i> <span title=\"(*32) Davies, W. The Happiness Industry: How the government and big business sold us wellbeing. Londres: Vers, 2015.\">(*32)<\/span> William Davies expone c\u00f3mo la felicidad ha pasado de ser un estado de bienestar a una nueva forma de hacer dinero para el capitalismo contempor\u00e1neo. El aumento exponencial del uso de f\u00e1rmacos y antipsic\u00f3ticos para la cura de malestares de todo tipo \u2014depresi\u00f3n, ansiedad, etc.\u2014 pone de manifiesto este cambio radical sin precedentes en la medicaci\u00f3n psi- coanal\u00edtica. Han incrementado los f\u00e1rmacos recetados para distintos tipos de depresiones, o las terapias para evitar determinados estados de \u00e1nimo que no se aceptan socialmente, como la tristeza, la melancol\u00eda, el decaimiento, la rabia, el hast\u00edo, la c\u00f3lera, la histeria o la desaz\u00f3n.<\/p>\n<p>El creciente recurso a los medicamentos deja claro que el aumento de los problemas de salud mental no se puede pensar en t\u00e9rminos estrictamente m\u00e9dicos, sino que necesita comprenderse en su contexto sociopol\u00edtico. Paul B. Preciado afirma que \u00abla p\u00edldora es un laboratorio estatal miniaturizado instalado en el cuerpo de cada consumidora. En la era farmacopornogr\u00e1fica, el cuerpo se traga el poder\u00bb <span title=\"(*33) Preciado, Paul B. Testo yonqui. Madrid: Espasa, 2008, pp. 135-137 y 142.\">(*33)<\/span>. En la pr\u00e1ctica, la felicidad es un producto de consumo como otro cualquiera, y nuestras emociones, la nueva religi\u00f3n del siglo xxI.<\/p>\n<p>Aunque la medicaci\u00f3n obviamente estabiliza la conducta y las emociones, elimina en el paciente algo tan humano como la autorreflexi\u00f3n, el reconocimiento, el duelo, la capacidad de regular independientemente las emociones y la libertad de sobreponerse \u2014o no\u2014 a estas. Adem\u00e1s de otras esferas y entornos utilizados po- l\u00edticamente para controlar dicho comportamiento \u2014la formaci\u00f3n, la legislaci\u00f3n, la esfera p\u00fablica, la arquitectura o las pautas de comportamiento\u2014, la psicotropificaci\u00f3n act\u00faa como un potente programa de control social amparado por la ciencia. Pero, \u00bfqu\u00e9 podemos hacer para mantener nuestro derecho a ser diferentes, exc\u00e9ntricos, a no trabajar, a no ser productivos, a estar tristes, obsesionados, a no concentrarnos, a no ofrecer excelentes resultados, a no ganar dinero, a no contribuir en la sociedad, a hablar sin sentido, a o\u00edr voces, a tener visiones, a tener pesadillas... a no ser felices?<\/p>\n<p>\u00bfC\u00f3mo podemos pensar en la construcci\u00f3n y reconstrucci\u00f3n de posibles modelos de la conciencia humana en contra de este fen\u00f3meno? \u00bfPodemos imaginar din\u00e1micas emancipadoras del comportamiento que desaf\u00eden las estructuras de control? \u00bfC\u00f3mo generar espacios de infecci\u00f3n afectiva a trav\u00e9s de pr\u00e1cticas grupales? \u00bfC\u00f3mo poner en di\u00e1logo los lenguajes art\u00edsticos, el psicoan\u00e1lisis y las ciencias sociales? \u00bfC\u00f3mo emancipar la imagen de pensamiento normalizada por el aparato politicoracional? \u00bfPueden las pr\u00e1cticas colectivas de conversaci\u00f3n, reconstrucci\u00f3n o ensayo representar un ejercicio de resistencia?<\/p>\n<p>Afectados por todas estas cuestiones, quisimos trabajar sobre las pol\u00edticas de control del comportamiento humano \u2014tema curatorial 2016-2017\u2014 invitando a nuestro programa de residencia de primavera a los artistas Valentina Desideri y Warren Neidich y a la curadora Florencia Portocarrero, quienes fueron rea- lizando y materializando sus procesos de an\u00e1lisis e investigaci\u00f3n a trav\u00e9s de distintos formatos a lo largo de los tres meses. El programa curatorial tuvo un momento c\u00faspide en mayo 2016 con el evento \u00abEl derecho a ser infeliz. Sobre las pol\u00edticas de control del comportamiento humano y la psicotropificaci\u00f3n de la sociedad\u00bb <span title=\"(*34) \u00abEl derecho a ser infeliz. Sobre las pol\u00edticas de control del comportamiento humano y la psicotropificaci\u00f3n de la sociedad\u00bb (viernes 6 y s\u00e1bado 7 de mayo 2016). Barcelona: Institut fran\u00e7ais y Fundaci\u00f3 Antoni T\u00e0pies. A cargo de BAR project (Barcelona) y Les Laboratoires d\u2019Aubervilliers (Par\u00eds).\">(*34)<\/span>, que incluy\u00f3 pel\u00edculas, <i>performances<\/i>, instalaciones, pr\u00e1cticas y conversaciones de los invitados en di\u00e1logo con el p\u00fablico<i>. <\/i>Durante dos d\u00edas, en que participaron, adem\u00e1s de los residentes citados, otros <i>practitioners <\/i>y \u00abprofesionales del cuidado\u00bb, como los psicoanalistas Montserrat Rodriguez Garzo y Josep Rafanell i Orra, la documentalista i cineasta Virginia Garc\u00eda del Pino, los artistas Silvia Maglioni &amp; Graeme Thomson y Dora Garc\u00eda, los curadores B\u00e1rbara Rodr\u00edguez Mu\u00f1oz, Mathilde Villeneuve, Alexandra Baudelot y Carles Guerra, se fue generando un espacio de reflexi\u00f3n, enunciaci\u00f3n y ensayo compartido para repensar el malestar como energ\u00eda de transformaci\u00f3n social. <span title=\"(*35) Fern\u00e1nDez-savater, a. \u00abUna fuerza vulnerable: el malestar como energ\u00eda de transformaci\u00f3n social\u00bb. eldiario.es. Disponible en l\u00ednea en: http:\/\/www.eldiario.es\/ interferencias\/malestar-energia-transformacion_social_6_606199392.html. [Consulta: 17 de octubre 2017].\">(*35)<\/span><\/p>\n<\/div>\n<\/div>\n<\/div><\/div><div id=\"panel-9660-0-0-1\" class=\"so-panel widget widget_sow-editor panel-last-child\" data-index=\"1\" ><div\n\t\t\t\n\t\t\tclass=\"so-widget-sow-editor so-widget-sow-editor-base\"\n\t\t\t\n\t\t>\n<div class=\"siteorigin-widget-tinymce textwidget\">\n\t<h4><b><i>BAR project<\/i><\/b><\/h4>\n<p>BAR es una organizaci\u00f3n sin \u00e1nimo de lucro, independiente y m\u00f3vil dedicada a promover el intercambio art\u00edstico a trav\u00e9s de residencias, colaboraciones locales, nacionales e internacionales y el desarrollo de un programa p\u00fablico que surge de proyectos curatoriales y de investigaci\u00f3n.<\/p>\n<p>BAR es un colectivo curatorial que desarrolla nuevas formas de relaci\u00f3n y trabajo, ampliando el radio de acci\u00f3n y promoviendo direcciones distintas a las establecidas. A trav\u00e9s de sus proyectos y de sus propias din\u00e1micas, investiga para incidir en temas que considera esenciales en el actual paradigma pol\u00edtico, social y econ\u00f3mico: c\u00f3mo articular su propio sistema de trabajo, c\u00f3mo relacionarse con otros profesionales e interlocutores, repensar el lugar que se quiere ocupar dentro del sistema de trabajo post-fordista inmaterial y del ritmo marcado por el contexto.<\/p>\n<p>BAR se propone iniciar colaboraciones de largo recorrido con proyectos que puedan tener afinidades en cuanto a intereses y formas de hacer, tratando de poner en pr\u00e1ctica nuevas din\u00e1micas e inventar su propio escenario en el cual experimentar con otras formas de relaci\u00f3n y agencia con el mundo que nos rodea.<\/p>\n<p>BAR toma como nombre y punto de partida uno de los lugares de reuni\u00f3n social por antonomasia en nuestra cultura para extrapolarlo a nuestro \u00e1mbito y trabajar desde ah\u00ed. Ese lugar es el bar popular de caf\u00e9 y ca\u00f1a, pensado c\u00f3mo escenario para concebir nuestro pensamiento.<\/p>\n<p>BAR apuesta por la hospitalidad como motor de su forma de trabajo, pensando esta como idea y estrategia, como esp\u00edritu, actitud y modo de acci\u00f3n.<\/p>\n<p>BAR es un proyecto iniciado por los comisarios independientes Juan Canela, Andrea Rodriguez Novoa y Veronica Valentini.<\/p>\n<p><a href=\"http:\/\/www.barproject.net\/\" target=\"_blank\" rel=\"noopener\">www.barproject.net<\/a><\/p>\n<div>\u00a0<\/div>\n<div>\u00a0<\/div>\n<\/div>\n<\/div><\/div><\/div><div id=\"pgc-9660-0-1\"  class=\"panel-grid-cell panel-grid-cell-empty\" ><\/div><\/div><\/div>","protected":false},"excerpt":{"rendered":"<p>Sobre las pol\u00edticas de control del comportamiento humano y la psicotropificaci\u00f3n de la sociedad En el controvertido libro\u00a0The Happiness Industry: How the Government and Big Business Sold Us Wellbeing, (*32) William Davies expone c\u00f3mo la felicidad &hellip; <a class=\"kt-excerpt-readmore\" href=\"https:\/\/polititzacionsdelmalestar.org\/es\/textos\/el-derecho-a-ser-infeliz\/\" aria-label=\"El derecho a ser infeliz\">Leer m&aacute;s<\/a><\/p>\n","protected":false},"author":3,"featured_media":0,"parent":3881,"menu_order":0,"comment_status":"closed","ping_status":"closed","template":"page-sidebar.php","meta":{"footnotes":""},"class_list":["post-9660","page","type-page","status-publish","hentry"],"_links":{"self":[{"href":"https:\/\/polititzacionsdelmalestar.org\/es\/wp-json\/wp\/v2\/pages\/9660","targetHints":{"allow":["GET"]}}],"collection":[{"href":"https:\/\/polititzacionsdelmalestar.org\/es\/wp-json\/wp\/v2\/pages"}],"about":[{"href":"https:\/\/polititzacionsdelmalestar.org\/es\/wp-json\/wp\/v2\/types\/page"}],"author":[{"embeddable":true,"href":"https:\/\/polititzacionsdelmalestar.org\/es\/wp-json\/wp\/v2\/users\/3"}],"replies":[{"embeddable":true,"href":"https:\/\/polititzacionsdelmalestar.org\/es\/wp-json\/wp\/v2\/comments?post=9660"}],"version-history":[{"count":11,"href":"https:\/\/polititzacionsdelmalestar.org\/es\/wp-json\/wp\/v2\/pages\/9660\/revisions"}],"predecessor-version":[{"id":9845,"href":"https:\/\/polititzacionsdelmalestar.org\/es\/wp-json\/wp\/v2\/pages\/9660\/revisions\/9845"}],"up":[{"embeddable":true,"href":"https:\/\/polititzacionsdelmalestar.org\/es\/wp-json\/wp\/v2\/pages\/3881"}],"wp:attachment":[{"href":"https:\/\/polititzacionsdelmalestar.org\/es\/wp-json\/wp\/v2\/media?parent=9660"}],"curies":[{"name":"wp","href":"https:\/\/api.w.org\/{rel}","templated":true}]}}

<div id="pl-9660"  class="panel-layout" ><div id="pg-9660-0"  class="panel-grid panel-no-style" ><div id="pgc-9660-0-0"  class="panel-grid-cell panel-grid-cell-mobile-last" ><div id="panel-9660-0-0-0" class="so-panel widget widget_sow-editor panel-first-child" data-index="0" ><div
			
			class="so-widget-sow-editor so-widget-sow-editor-base"
			
		><h3 class="widget-title">El derecho a ser infeliz</h3>
<div class="siteorigin-widget-tinymce textwidget">
	<div class="siteorigin-widget-tinymce textwidget">
<p><strong>Sobre las políticas de control del comportamiento humano y la psicotropificación de la sociedad</strong></p>
<p>En el controvertido libro <i>The Happiness Industry: How the Government and Big Business Sold Us Wellbeing, </i> <span title="(*32) Davies, W. The Happiness Industry: How the government and big business sold us wellbeing. Londres: Vers, 2015.">(*32)</span> William Davies expone cómo la felicidad ha pasado de ser un estado de bienestar a una nueva forma de hacer dinero para el capitalismo contemporáneo. El aumento exponencial del uso de fármacos y antipsicóticos para la cura de malestares de todo tipo —depresión, ansiedad, etc.— pone de manifiesto este cambio radical sin precedentes en la medicación psi- coanalítica. Han incrementado los fármacos recetados para distintos tipos de depresiones, o las terapias para evitar determinados estados de ánimo que no se aceptan socialmente, como la tristeza, la melancolía, el decaimiento, la rabia, el hastío, la cólera, la histeria o la desazón.</p>
<p>El creciente recurso a los medicamentos deja claro que el aumento de los problemas de salud mental no se puede pensar en términos estrictamente médicos, sino que necesita comprenderse en su contexto sociopolítico. Paul B. Preciado afirma que «la píldora es un laboratorio estatal miniaturizado instalado en el cuerpo de cada consumidora. En la era farmacopornográfica, el cuerpo se traga el poder» <span title="(*33) Preciado, Paul B. Testo yonqui. Madrid: Espasa, 2008, pp. 135-137 y 142.">(*33)</span>. En la práctica, la felicidad es un producto de consumo como otro cualquiera, y nuestras emociones, la nueva religión del siglo xxI.</p>
<p>Aunque la medicación obviamente estabiliza la conducta y las emociones, elimina en el paciente algo tan humano como la autorreflexión, el reconocimiento, el duelo, la capacidad de regular independientemente las emociones y la libertad de sobreponerse —o no— a estas. Además de otras esferas y entornos utilizados po- líticamente para controlar dicho comportamiento —la formación, la legislación, la esfera pública, la arquitectura o las pautas de comportamiento—, la psicotropificación actúa como un potente programa de control social amparado por la ciencia. Pero, ¿qué podemos hacer para mantener nuestro derecho a ser diferentes, excéntricos, a no trabajar, a no ser productivos, a estar tristes, obsesionados, a no concentrarnos, a no ofrecer excelentes resultados, a no ganar dinero, a no contribuir en la sociedad, a hablar sin sentido, a oír voces, a tener visiones, a tener pesadillas... a no ser felices?</p>
<p>¿Cómo podemos pensar en la construcción y reconstrucción de posibles modelos de la conciencia humana en contra de este fenómeno? ¿Podemos imaginar dinámicas emancipadoras del comportamiento que desafíen las estructuras de control? ¿Cómo generar espacios de infección afectiva a través de prácticas grupales? ¿Cómo poner en diálogo los lenguajes artísticos, el psicoanálisis y las ciencias sociales? ¿Cómo emancipar la imagen de pensamiento normalizada por el aparato politicoracional? ¿Pueden las prácticas colectivas de conversación, reconstrucción o ensayo representar un ejercicio de resistencia?</p>
<p>Afectados por todas estas cuestiones, quisimos trabajar sobre las políticas de control del comportamiento humano —tema curatorial 2016-2017— invitando a nuestro programa de residencia de primavera a los artistas Valentina Desideri y Warren Neidich y a la curadora Florencia Portocarrero, quienes fueron rea- lizando y materializando sus procesos de análisis e investigación a través de distintos formatos a lo largo de los tres meses. El programa curatorial tuvo un momento cúspide en mayo 2016 con el evento «El derecho a ser infeliz. Sobre las políticas de control del comportamiento humano y la psicotropificación de la sociedad» <span title="(*34) «El derecho a ser infeliz. Sobre las políticas de control del comportamiento humano y la psicotropificación de la sociedad» (viernes 6 y sábado 7 de mayo 2016). Barcelona: Institut français y Fundació Antoni Tàpies. A cargo de BAR project (Barcelona) y Les Laboratoires d’Aubervilliers (París).">(*34)</span>, que incluyó películas, <i>performances</i>, instalaciones, prácticas y conversaciones de los invitados en diálogo con el público<i>. </i>Durante dos días, en que participaron, además de los residentes citados, otros <i>practitioners </i>y «profesionales del cuidado», como los psicoanalistas Montserrat Rodriguez Garzo y Josep Rafanell i Orra, la documentalista i cineasta Virginia García del Pino, los artistas Silvia Maglioni &amp; Graeme Thomson y Dora García, los curadores Bárbara Rodríguez Muñoz, Mathilde Villeneuve, Alexandra Baudelot y Carles Guerra, se fue generando un espacio de reflexión, enunciación y ensayo compartido para repensar el malestar como energía de transformación social. <span title="(*35) FernánDez-savater, a. «Una fuerza vulnerable: el malestar como energía de transformación social». eldiario.es. Disponible en línea en: http://www.eldiario.es/ interferencias/malestar-energia-transformacion_social_6_606199392.html. [Consulta: 17 de octubre 2017].">(*35)</span></p>
</div>
</div>
</div></div><div id="panel-9660-0-0-1" class="so-panel widget widget_sow-editor panel-last-child" data-index="1" ><div
			
			class="so-widget-sow-editor so-widget-sow-editor-base"
			
		>
<div class="siteorigin-widget-tinymce textwidget">
	<h4><b><i>BAR project</i></b></h4>
<p>BAR es una organización sin ánimo de lucro, independiente y móvil dedicada a promover el intercambio artístico a través de residencias, colaboraciones locales, nacionales e internacionales y el desarrollo de un programa público que surge de proyectos curatoriales y de investigación.</p>
<p>BAR es un colectivo curatorial que desarrolla nuevas formas de relación y trabajo, ampliando el radio de acción y promoviendo direcciones distintas a las establecidas. A través de sus proyectos y de sus propias dinámicas, investiga para incidir en temas que considera esenciales en el actual paradigma político, social y económico: cómo articular su propio sistema de trabajo, cómo relacionarse con otros profesionales e interlocutores, repensar el lugar que se quiere ocupar dentro del sistema de trabajo post-fordista inmaterial y del ritmo marcado por el contexto.</p>
<p>BAR se propone iniciar colaboraciones de largo recorrido con proyectos que puedan tener afinidades en cuanto a intereses y formas de hacer, tratando de poner en práctica nuevas dinámicas e inventar su propio escenario en el cual experimentar con otras formas de relación y agencia con el mundo que nos rodea.</p>
<p>BAR toma como nombre y punto de partida uno de los lugares de reunión social por antonomasia en nuestra cultura para extrapolarlo a nuestro ámbito y trabajar desde ahí. Ese lugar es el bar popular de café y caña, pensado cómo escenario para concebir nuestro pensamiento.</p>
<p>BAR apuesta por la hospitalidad como motor de su forma de trabajo, pensando esta como idea y estrategia, como espíritu, actitud y modo de acción.</p>
<p>BAR es un proyecto iniciado por los comisarios independientes Juan Canela, Andrea Rodriguez Novoa y Veronica Valentini.</p>
<p><a href="http://www.barproject.net/" target="_blank" rel="noopener">www.barproject.net</a></p>
<div> </div>
<div> </div>
</div>
</div></div></div><div id="pgc-9660-0-1"  class="panel-grid-cell panel-grid-cell-empty" ></div></div></div>

<p>Sobre las políticas de control del comportamiento humano y la psicotropificación de la sociedad En el controvertido libro The Happiness Industry: How the Government and Big Business Sold Us Wellbeing, (*32) William Davies expone cómo la felicidad &hellip; <a class="kt-excerpt-readmore" href="https://polititzacionsdelmalestar.org/es/textos/el-derecho-a-ser-infeliz/" aria-label="El derecho a ser infeliz">Leer m&aacute;s</a></p>
