


{"id":3714,"date":"2017-12-11T08:36:12","date_gmt":"2017-12-11T08:36:12","guid":{"rendered":"https:\/\/polititzacionsdelmalestar.org\/avis-legal\/?lang=es"},"modified":"2018-02-27T17:30:48","modified_gmt":"2018-02-27T17:30:48","slug":"avis-legal","status":"publish","type":"page","link":"https:\/\/polititzacionsdelmalestar.org\/es\/avis-legal\/","title":{"rendered":"Aviso legal"},"content":{"rendered":"<div id=\"pl-3714\"  class=\"panel-layout\" ><div id=\"pg-3714-0\"  class=\"panel-grid panel-no-style\" ><div id=\"pgc-3714-0-0\"  class=\"panel-grid-cell\" ><div id=\"panel-3714-0-0-0\" class=\"so-panel widget widget_sow-editor panel-first-child panel-last-child\" data-index=\"0\" ><div\n\t\t\t\n\t\t\tclass=\"so-widget-sow-editor so-widget-sow-editor-base\"\n\t\t\t\n\t\t><h3 class=\"widget-title\">Aviso legal<\/h3>\n<div class=\"siteorigin-widget-tinymce textwidget\">\n\t<p>La web polititzacionsdelmalestar est\u00e1 construido con el \u00e1nimo de facilitar el acceso universal, independientemente de las limitaciones t\u00e9cnicas, f\u00edsicas, sensoriales o intelectuales de las personas que la consultan y del contexto de uso en que lo hacen (tipo de dispositivo, software, velocidad de la conexi\u00f3n, condiciones ambientales, etc.).<\/p>\n<p>\"Polititzacions del Malestar\" es un proyecto de Nora Ancarola, Laia Manonelles y Daniel Gasol<\/p>\n<p>S\u00f3lo se autoriza el uso personal no comercial. No est\u00e1 permitida la modificaci\u00f3n del web ni de sus contenidos.<\/p>\n<p>El Arts Santa M\u00f3nica y Polititzacions del Malestar no son responsabled de la informaci\u00f3n que se puede obtener a trav\u00e9s de enlaces a sistemas externos.<\/p>\n<p>El Arts Santa M\u00f3nica y Polititzacions del Malestar no garantiza que la web y el servidor est\u00e9n libres de virus y no se hace responsable de los da\u00f1os causados \u200b\u200bpor el acceso a la web o por la imposibilidad de acceder<\/p>\n<p>Para cualquier consideraci\u00f3n ponerse en contacto con los responsables de la web a trav\u00e9s del correo electr\u00f3nico <a href=\"mailto:info@polititzacionsdelmalestar.org\">info@polititzacionsdelmalestar.org<\/a><\/p>\n<\/div>\n<\/div><\/div><\/div><\/div><\/div>","protected":false},"excerpt":{"rendered":"<p>La web polititzacionsdelmalestar est\u00e1 construido con el \u00e1nimo de facilitar el acceso universal, independientemente de las limitaciones t\u00e9cnicas, f\u00edsicas, sensoriales o intelectuales de las personas que la consultan y del contexto de uso en que lo &hellip; <a class=\"kt-excerpt-readmore\" href=\"https:\/\/polititzacionsdelmalestar.org\/es\/avis-legal\/\" aria-label=\"Aviso legal\">Leer m&aacute;s<\/a><\/p>\n","protected":false},"author":6,"featured_media":0,"parent":0,"menu_order":0,"comment_status":"closed","ping_status":"closed","template":"page-sidebar.php","meta":{"footnotes":""},"class_list":["post-3714","page","type-page","status-publish","hentry"],"_links":{"self":[{"href":"https:\/\/polititzacionsdelmalestar.org\/es\/wp-json\/wp\/v2\/pages\/3714","targetHints":{"allow":["GET"]}}],"collection":[{"href":"https:\/\/polititzacionsdelmalestar.org\/es\/wp-json\/wp\/v2\/pages"}],"about":[{"href":"https:\/\/polititzacionsdelmalestar.org\/es\/wp-json\/wp\/v2\/types\/page"}],"author":[{"embeddable":true,"href":"https:\/\/polititzacionsdelmalestar.org\/es\/wp-json\/wp\/v2\/users\/6"}],"replies":[{"embeddable":true,"href":"https:\/\/polititzacionsdelmalestar.org\/es\/wp-json\/wp\/v2\/comments?post=3714"}],"version-history":[{"count":6,"href":"https:\/\/polititzacionsdelmalestar.org\/es\/wp-json\/wp\/v2\/pages\/3714\/revisions"}],"predecessor-version":[{"id":9193,"href":"https:\/\/polititzacionsdelmalestar.org\/es\/wp-json\/wp\/v2\/pages\/3714\/revisions\/9193"}],"wp:attachment":[{"href":"https:\/\/polititzacionsdelmalestar.org\/es\/wp-json\/wp\/v2\/media?parent=3714"}],"curies":[{"name":"wp","href":"https:\/\/api.w.org\/{rel}","templated":true}]}}

<div id="pl-3714"  class="panel-layout" ><div id="pg-3714-0"  class="panel-grid panel-no-style" ><div id="pgc-3714-0-0"  class="panel-grid-cell" ><div id="panel-3714-0-0-0" class="so-panel widget widget_sow-editor panel-first-child panel-last-child" data-index="0" ><div
			
			class="so-widget-sow-editor so-widget-sow-editor-base"
			
		><h3 class="widget-title">Aviso legal</h3>
<div class="siteorigin-widget-tinymce textwidget">
	<p>La web polititzacionsdelmalestar está construido con el ánimo de facilitar el acceso universal, independientemente de las limitaciones técnicas, físicas, sensoriales o intelectuales de las personas que la consultan y del contexto de uso en que lo hacen (tipo de dispositivo, software, velocidad de la conexión, condiciones ambientales, etc.).</p>
<p>"Polititzacions del Malestar" es un proyecto de Nora Ancarola, Laia Manonelles y Daniel Gasol</p>
<p>Sólo se autoriza el uso personal no comercial. No está permitida la modificación del web ni de sus contenidos.</p>
<p>El Arts Santa Mónica y Polititzacions del Malestar no son responsabled de la información que se puede obtener a través de enlaces a sistemas externos.</p>
<p>El Arts Santa Mónica y Polititzacions del Malestar no garantiza que la web y el servidor estén libres de virus y no se hace responsable de los daños causados ​​por el acceso a la web o por la imposibilidad de acceder</p>
<p>Para cualquier consideración ponerse en contacto con los responsables de la web a través del correo electrónico <a href="mailto:info@polititzacionsdelmalestar.org">info@polititzacionsdelmalestar.org</a></p>
</div>
</div></div></div></div></div>

<p>La web polititzacionsdelmalestar está construido con el ánimo de facilitar el acceso universal, independientemente de las limitaciones técnicas, físicas, sensoriales o intelectuales de las personas que la consultan y del contexto de uso en que lo &hellip; <a class="kt-excerpt-readmore" href="https://polititzacionsdelmalestar.org/es/avis-legal/" aria-label="Aviso legal">Leer m&aacute;s</a></p>
