


{"id":3689,"date":"2018-01-22T18:55:56","date_gmt":"2018-01-22T18:55:56","guid":{"rendered":"https:\/\/polititzacionsdelmalestar.org\/activitats\/taller-centre-maristany\/?lang=es"},"modified":"2018-02-07T11:01:13","modified_gmt":"2018-02-07T11:01:13","slug":"taller-centre-maristany","status":"publish","type":"page","link":"https:\/\/polititzacionsdelmalestar.org\/es\/activitats\/taller-centre-maristany\/","title":{"rendered":"Taller en el Centre Maristany"},"content":{"rendered":"<div id=\"pl-3689\"  class=\"panel-layout\" ><div id=\"pg-3689-0\"  class=\"panel-grid panel-no-style\" ><div id=\"pgc-3689-0-0\"  class=\"panel-grid-cell\" ><div id=\"panel-3689-0-0-0\" class=\"so-panel widget widget_sow-editor panel-first-child panel-last-child\" data-index=\"0\" ><div\n\t\t\t\n\t\t\tclass=\"so-widget-sow-editor so-widget-sow-editor-base\"\n\t\t\t\n\t\t><h3 class=\"widget-title\">Proyecto educativo<\/h3>\n<div class=\"siteorigin-widget-tinymce textwidget\">\n\t<p><strong>Revolver el arte p\u00fablico<\/strong><\/p>\n<p><strong>Taller <a href=\"https:\/\/polititzacionsdelmalestar.org\/2018\/01\/23\/enmedio-colectivo\/?lang=es\">Colectivo Enmedio<\/a><\/strong> <br \/>28 y 29 de junio, 2017 <br \/>Centre d\u2019Art Maristany <br \/>Sant Cugat<\/p>\n<p>Por un lado tenemos el espacio social, un espacio producido siempre por sus habitantes y por la compleja trama de sus relaciones. Por otro lado tenemos el espacio de la representaci\u00f3n, el conjunto de im\u00e1genes y s\u00edmbolos que trata de dotar de sentido al espacio social. Estas im\u00e1genes, estos s\u00edmbolos, adoptan todo tipo de forma, desde monumentos y estatuas, hasta edificios y dise\u00f1os urbanos, pasando por grafitos y una infinidad de cosas m\u00e1s. A este conjunto de representaciones se le suele denominar Arte p\u00fablico, pero qu\u00e9 significa esto realmente? En este taller estudiaremos las principales caracter\u00edsticas de este arte, examinando a fondo los dos termas que lo definen: \u201carte \u201cy \u201cp\u00fablico\u201d. Mediante una serie de ejercicios pr\u00e1cticos conoceremos el conjunto de fuerzas que se esconden despu\u00e9s de \u00e9l, y los sistemas de validaci\u00f3n que lo sostienen. El an\u00e1lisis de las principales consecuencias sociales derivadas de la implantaci\u00f3n de este tipo de arte en diferentes ciudades del mundo, completar\u00e1 la sesi\u00f3n. Finalmente, exploraremos colectivamente las posibilidades de alterar esta pr\u00e1ctica art\u00edstica.<\/p>\n<p>Enmedio es un grupo de profesionales de la imagen establecidos en Barcelona (dise\u00f1adores, fot\u00f3grafas, cineastas, artistas) que, insatisfechos por la falta de conexiones entre el arte y la acci\u00f3n pol\u00edtica, decidieron abandonar su terreno habitual de trabajo y situarse enmedio, en ning\u00fan lugar determinado y en todos a la vez. Desde all\u00ed exploran la potencia transformadora de las im\u00e1genes y los relatos. Lo hacen intermediando espectaculares intervenciones, usando todo aquello que tienen a su disposici\u00f3n: fotograf\u00eda, medios de comunicaci\u00f3n, dise\u00f1o\u2026, as\u00ed es como crean interferencias en el relato dominante; interrupciones en la explicaci\u00f3n oficial del mundo.<\/p>\n<p><a href=\"http:\/\/www.enmedio.info\/\">http:\/\/www.enmedio.info\/<\/a><\/p>\n<\/div>\n<\/div><\/div><\/div><div id=\"pgc-3689-0-1\"  class=\"panel-grid-cell\" ><div id=\"panel-3689-0-1-0\" class=\"so-panel widget widget_virtue_gallery_widget virtue_gallery_widget panel-first-child panel-last-child\" data-index=\"1\" ><div id=\"kad-wp-gallery198\" class=\"kad-wp-gallery gallery kt-gallery-column-1 init-isotope-intrinsic reinit-isotope kad-light-wp-gallery clearfix rowtight\" data-fade-in=\"1\" data-iso-selector=\".g_item\" data-iso-style=\"masonry\" data-iso-filter=\"false\"><div class=\"tcol-lg-12 tcol-md-12 tcol-sm-12 tcol-xs-12 tcol-ss-12 g_item\"><div class=\"grid_item kt_item_fade_in kad_gallery_fade_in gallery_item\"><a href=\"https:\/\/polititzacionsdelmalestar.org\/wp-content\/uploads\/2018\/01\/erroristas-ok.jpg\" data-rel=\"lightbox\" class=\"lightboxhover\"><div class=\"kt-intrinsic\" style=\"padding-bottom:63.125%;\"><div itemprop=\"image\" itemscope itemtype=\"https:\/\/schema.org\/ImageObject\"><img loading=\"lazy\" decoding=\"async\" width=\"800\" height=\"505\" src=\"https:\/\/polititzacionsdelmalestar.org\/wp-content\/uploads\/2018\/01\/erroristas-ok.jpg\" srcset=\"https:\/\/polititzacionsdelmalestar.org\/wp-content\/uploads\/2018\/01\/erroristas-ok.jpg 800w, https:\/\/polititzacionsdelmalestar.org\/wp-content\/uploads\/2018\/01\/erroristas-ok-300x189.jpg 300w, https:\/\/polititzacionsdelmalestar.org\/wp-content\/uploads\/2018\/01\/erroristas-ok-768x485.jpg 768w, https:\/\/polititzacionsdelmalestar.org\/wp-content\/uploads\/2018\/01\/erroristas-ok-80x50.jpg 80w\" sizes=\"auto, (max-width: 800px) 100vw, 800px\" data-caption=\"Taller del Colectivo Enmedio en el Centre d\u2019Art Maristany\" class=\"light-dropshaddow\" itemprop=\"contentUrl\" alt=\"\"><meta itemprop=\"url\" content=\"https:\/\/polititzacionsdelmalestar.org\/wp-content\/uploads\/2018\/01\/erroristas-ok.jpg\"><meta itemprop=\"width\" content=\"800px\"><meta itemprop=\"height\" content=\"505px\"><\/div><\/div><div class=\"caption kad_caption\"><div class=\"kad_caption_inner\">Taller del Colectivo Enmedio en el Centre d\u2019Art Maristany<\/div><\/div><\/a><\/div><\/div><\/div><\/div><\/div><\/div><\/div>","protected":false},"excerpt":{"rendered":"<p>Revolver el arte p\u00fablico Taller Colectivo Enmedio 28 y 29 de junio, 2017 Centre d\u2019Art Maristany Sant Cugat Por un lado tenemos el espacio social, un espacio producido siempre por sus habitantes y por la compleja &hellip; <a class=\"kt-excerpt-readmore\" href=\"https:\/\/polititzacionsdelmalestar.org\/es\/activitats\/taller-centre-maristany\/\" aria-label=\"Taller en el Centre Maristany\">Leer m&aacute;s<\/a><\/p>\n","protected":false},"author":6,"featured_media":0,"parent":3408,"menu_order":0,"comment_status":"closed","ping_status":"closed","template":"page-sidebar.php","meta":{"footnotes":""},"class_list":["post-3689","page","type-page","status-publish","hentry"],"_links":{"self":[{"href":"https:\/\/polititzacionsdelmalestar.org\/es\/wp-json\/wp\/v2\/pages\/3689","targetHints":{"allow":["GET"]}}],"collection":[{"href":"https:\/\/polititzacionsdelmalestar.org\/es\/wp-json\/wp\/v2\/pages"}],"about":[{"href":"https:\/\/polititzacionsdelmalestar.org\/es\/wp-json\/wp\/v2\/types\/page"}],"author":[{"embeddable":true,"href":"https:\/\/polititzacionsdelmalestar.org\/es\/wp-json\/wp\/v2\/users\/6"}],"replies":[{"embeddable":true,"href":"https:\/\/polititzacionsdelmalestar.org\/es\/wp-json\/wp\/v2\/comments?post=3689"}],"version-history":[{"count":11,"href":"https:\/\/polititzacionsdelmalestar.org\/es\/wp-json\/wp\/v2\/pages\/3689\/revisions"}],"predecessor-version":[{"id":7482,"href":"https:\/\/polititzacionsdelmalestar.org\/es\/wp-json\/wp\/v2\/pages\/3689\/revisions\/7482"}],"up":[{"embeddable":true,"href":"https:\/\/polititzacionsdelmalestar.org\/es\/wp-json\/wp\/v2\/pages\/3408"}],"wp:attachment":[{"href":"https:\/\/polititzacionsdelmalestar.org\/es\/wp-json\/wp\/v2\/media?parent=3689"}],"curies":[{"name":"wp","href":"https:\/\/api.w.org\/{rel}","templated":true}]}}

<div id="pl-3689"  class="panel-layout" ><div id="pg-3689-0"  class="panel-grid panel-no-style" ><div id="pgc-3689-0-0"  class="panel-grid-cell" ><div id="panel-3689-0-0-0" class="so-panel widget widget_sow-editor panel-first-child panel-last-child" data-index="0" ><div
			
			class="so-widget-sow-editor so-widget-sow-editor-base"
			
		><h3 class="widget-title">Proyecto educativo</h3>
<div class="siteorigin-widget-tinymce textwidget">
	<p><strong>Revolver el arte público</strong></p>
<p><strong>Taller <a href="https://polititzacionsdelmalestar.org/2018/01/23/enmedio-colectivo/?lang=es">Colectivo Enmedio</a></strong> <br />28 y 29 de junio, 2017 <br />Centre d’Art Maristany <br />Sant Cugat</p>
<p>Por un lado tenemos el espacio social, un espacio producido siempre por sus habitantes y por la compleja trama de sus relaciones. Por otro lado tenemos el espacio de la representación, el conjunto de imágenes y símbolos que trata de dotar de sentido al espacio social. Estas imágenes, estos símbolos, adoptan todo tipo de forma, desde monumentos y estatuas, hasta edificios y diseños urbanos, pasando por grafitos y una infinidad de cosas más. A este conjunto de representaciones se le suele denominar Arte público, pero qué significa esto realmente? En este taller estudiaremos las principales características de este arte, examinando a fondo los dos termas que lo definen: “arte “y “público”. Mediante una serie de ejercicios prácticos conoceremos el conjunto de fuerzas que se esconden después de él, y los sistemas de validación que lo sostienen. El análisis de las principales consecuencias sociales derivadas de la implantación de este tipo de arte en diferentes ciudades del mundo, completará la sesión. Finalmente, exploraremos colectivamente las posibilidades de alterar esta práctica artística.</p>
<p>Enmedio es un grupo de profesionales de la imagen establecidos en Barcelona (diseñadores, fotógrafas, cineastas, artistas) que, insatisfechos por la falta de conexiones entre el arte y la acción política, decidieron abandonar su terreno habitual de trabajo y situarse enmedio, en ningún lugar determinado y en todos a la vez. Desde allí exploran la potencia transformadora de las imágenes y los relatos. Lo hacen intermediando espectaculares intervenciones, usando todo aquello que tienen a su disposición: fotografía, medios de comunicación, diseño…, así es como crean interferencias en el relato dominante; interrupciones en la explicación oficial del mundo.</p>
<p><a href="http://www.enmedio.info/">http://www.enmedio.info/</a></p>
</div>
</div></div></div><div id="pgc-3689-0-1"  class="panel-grid-cell" ><div id="panel-3689-0-1-0" class="so-panel widget widget_virtue_gallery_widget virtue_gallery_widget panel-first-child panel-last-child" data-index="1" ><div id="kad-wp-gallery198" class="kad-wp-gallery gallery kt-gallery-column-1 init-isotope-intrinsic reinit-isotope kad-light-wp-gallery clearfix rowtight" data-fade-in="1" data-iso-selector=".g_item" data-iso-style="masonry" data-iso-filter="false"><div class="tcol-lg-12 tcol-md-12 tcol-sm-12 tcol-xs-12 tcol-ss-12 g_item"><div class="grid_item kt_item_fade_in kad_gallery_fade_in gallery_item"><a href="https://polititzacionsdelmalestar.org/wp-content/uploads/2018/01/erroristas-ok.jpg" data-rel="lightbox" class="lightboxhover"><div class="kt-intrinsic" style="padding-bottom:63.125%;"><div itemprop="image" itemscope itemtype="https://schema.org/ImageObject"><img loading="lazy" decoding="async" width="800" height="505" src="https://polititzacionsdelmalestar.org/wp-content/uploads/2018/01/erroristas-ok.jpg" srcset="https://polititzacionsdelmalestar.org/wp-content/uploads/2018/01/erroristas-ok.jpg 800w, https://polititzacionsdelmalestar.org/wp-content/uploads/2018/01/erroristas-ok-300x189.jpg 300w, https://polititzacionsdelmalestar.org/wp-content/uploads/2018/01/erroristas-ok-768x485.jpg 768w, https://polititzacionsdelmalestar.org/wp-content/uploads/2018/01/erroristas-ok-80x50.jpg 80w" sizes="auto, (max-width: 800px) 100vw, 800px" data-caption="Taller del Colectivo Enmedio en el Centre d’Art Maristany" class="light-dropshaddow" itemprop="contentUrl" alt=""><meta itemprop="url" content="https://polititzacionsdelmalestar.org/wp-content/uploads/2018/01/erroristas-ok.jpg"><meta itemprop="width" content="800px"><meta itemprop="height" content="505px"></div></div><div class="caption kad_caption"><div class="kad_caption_inner">Taller del Colectivo Enmedio en el Centre d’Art Maristany</div></div></a></div></div></div></div></div></div></div>

<p>Revolver el arte público Taller Colectivo Enmedio 28 y 29 de junio, 2017 Centre d’Art Maristany Sant Cugat Por un lado tenemos el espacio social, un espacio producido siempre por sus habitantes y por la compleja &hellip; <a class="kt-excerpt-readmore" href="https://polititzacionsdelmalestar.org/es/activitats/taller-centre-maristany/" aria-label="Taller en el Centre Maristany">Leer m&aacute;s</a></p>
