


{"id":3682,"date":"2018-01-22T19:23:06","date_gmt":"2018-01-22T19:23:06","guid":{"rendered":"https:\/\/polititzacionsdelmalestar.org\/activitats\/taller-institut-alella\/?lang=es"},"modified":"2018-02-06T19:32:12","modified_gmt":"2018-02-06T19:32:12","slug":"taller-institut-alella","status":"publish","type":"page","link":"https:\/\/polititzacionsdelmalestar.org\/es\/activitats\/taller-institut-alella\/","title":{"rendered":"Taller en el Instituto de Alella"},"content":{"rendered":"<div id=\"pl-3682\"  class=\"panel-layout\" ><div id=\"pg-3682-0\"  class=\"panel-grid panel-no-style\" ><div id=\"pgc-3682-0-0\"  class=\"panel-grid-cell\" ><div id=\"panel-3682-0-0-0\" class=\"so-panel widget widget_sow-editor panel-first-child panel-last-child\" data-index=\"0\" ><div\n\t\t\t\n\t\t\tclass=\"so-widget-sow-editor so-widget-sow-editor-base\"\n\t\t\t\n\t\t><h3 class=\"widget-title\">Proyecto educativo<\/h3>\n<div class=\"siteorigin-widget-tinymce textwidget\">\n\t<p><strong>Taller: Gesti\u00f3n del malestar<\/strong><\/p>\n<p>Taller proyectado por Let\u00edcia Rodr\u00edguez y conducido por Xavi Sert. <br \/>Registro a cargo de Ulla Blanca Lima.\u00a0 <br \/>6, 10 y 11 de octubre del 2017. <br \/>Alumnos de la optativa Visual y Pl\u00e1stica del Instituto de Alella\u00a0 <br \/>Con la colaboraci\u00f3n de la profesora Montse Agust\u00ed<\/p>\n<p>Durante tres d\u00edas un grupo de casi 30 alumnos del Instituto de Alella ha participado en un taller de arte para trabajar, conjuntamente, el concepto de malestar desde su punto de vista personal.<\/p>\n<p>La investigaci\u00f3n del concepto, su significado y la visi\u00f3n de cada cual ante el que han considerado que son sus malestares, ha acontecido la base para desarrollar y canalizar un proyecto mediante la pr\u00e1ctica art\u00edstica desde diferentes disciplinas: pintura, collage y ensamblaje.<\/p>\n<p>A partir de estas experiencias se han generado unas din\u00e1micas que en s\u00ed mismas son nuestra aportaci\u00f3n para gestionar el malestar desde la creaci\u00f3n art\u00edstica, para acercarnos brevemente al trabajo que supone encarar un conflicto para intentar resolverlo. Sabemos que esta no es una tarea que se pueda resolver en tres d\u00edas, pero nuestro intento quiere transmitir que aquello que se quiere transformar no nos tiene que dar miedo y que el arte y los procesos art\u00edsticos son una herramienta eficaz para remover conciencias.<\/p>\n<p>Durante el trayecto de esta experiencia hemos hecho parada en ejercicios art\u00edsticos tomando como referentes el mito de la cavernade Plat\u00f3n, con la idea de la revoluci\u00f3n individual para la transformaci\u00f3n global, as\u00ed como el fluctuar existencial postulado por Zygmunt Bauman a La Modernidad L\u00edquida, visionando la reveladora pieza de v\u00eddeo La Feria de las Flores de N\u00faria G\u00fcell -artista incluida a la exposici\u00f3n Politizaciones del Malestar- o acerc\u00e1ndonos al universo m\u00e1gico de Judith Scott, una artista recluida y libre como pocas.<\/p>\n<p>La ceguera del artista, por ejemplo, se ha plasmado al lienzo mural pintando con los ojos tapados, con el guiaje y apoyo entre compa\u00f1eros para poder expresar gr\u00e1ficamente las sensaciones de malestar escogidas. Tambi\u00e9n se ha realizado un mural espont\u00e1neo donde se representa, en dibujos simples plenos de sinceridad, el que para los alumnos es su malestar, su molestia, sus inquietudes o preocupaciones, pidiendo a otro compa\u00f1ero que intervenga con posterioridad para arreglar el mal rollo, el desasosiego, a\u00f1adiendo la soluci\u00f3n gr\u00e1fica que considere mejor.<\/p>\n<p>El resultado es una impronta colectiva, visceral y potente, de un grupo de j\u00f3venes como cualquier grupo de j\u00f3venes de cualquiera otro lugar.<\/p>\n<\/div>\n<\/div><\/div><\/div><div id=\"pgc-3682-0-1\"  class=\"panel-grid-cell\" ><div id=\"panel-3682-0-1-0\" class=\"so-panel widget widget_virtue_gallery_widget virtue_gallery_widget panel-first-child panel-last-child\" data-index=\"1\" ><div id=\"kad-wp-gallery411\" class=\"kad-wp-gallery gallery kt-gallery-column-1 init-isotope-intrinsic reinit-isotope kad-light-wp-gallery clearfix rowtight\" data-fade-in=\"1\" data-iso-selector=\".g_item\" data-iso-style=\"masonry\" data-iso-filter=\"false\"><div class=\"tcol-lg-12 tcol-md-12 tcol-sm-12 tcol-xs-12 tcol-ss-12 g_item\"><div class=\"grid_item kt_item_fade_in kad_gallery_fade_in gallery_item\"><a href=\"https:\/\/polititzacionsdelmalestar.org\/wp-content\/uploads\/2018\/01\/01-4.jpg\" data-rel=\"lightbox\" class=\"lightboxhover\"><div class=\"kt-intrinsic\" style=\"padding-bottom:100%;\"><div itemprop=\"image\" itemscope itemtype=\"https:\/\/schema.org\/ImageObject\"><img loading=\"lazy\" decoding=\"async\" width=\"560\" height=\"560\" src=\"https:\/\/polititzacionsdelmalestar.org\/wp-content\/uploads\/2018\/01\/01-4-560x560.jpg\" srcset=\"https:\/\/polititzacionsdelmalestar.org\/wp-content\/uploads\/2018\/01\/01-4-560x560.jpg 560w, https:\/\/polititzacionsdelmalestar.org\/wp-content\/uploads\/2018\/01\/01-4-150x150.jpg 150w\" sizes=\"auto, (max-width: 560px) 100vw, 560px\" data-caption=\"Taller en el Instituto de Alella\" class=\"light-dropshaddow\" itemprop=\"contentUrl\" alt=\"\"><meta itemprop=\"url\" content=\"https:\/\/polititzacionsdelmalestar.org\/wp-content\/uploads\/2018\/01\/01-4-560x560.jpg\"><meta itemprop=\"width\" content=\"560px\"><meta itemprop=\"height\" content=\"560px\"><\/div><\/div><div class=\"caption kad_caption\"><div class=\"kad_caption_inner\">Taller en el Instituto de Alella<\/div><\/div><\/a><\/div><\/div><\/div><\/div><\/div><\/div><\/div>","protected":false},"excerpt":{"rendered":"<p>Taller: Gesti\u00f3n del malestar Taller proyectado por Let\u00edcia Rodr\u00edguez y conducido por Xavi Sert. Registro a cargo de Ulla Blanca Lima.\u00a0 6, 10 y 11 de octubre del 2017. Alumnos de la optativa Visual y Pl\u00e1stica &hellip; <a class=\"kt-excerpt-readmore\" href=\"https:\/\/polititzacionsdelmalestar.org\/es\/activitats\/taller-institut-alella\/\" aria-label=\"Taller en el Instituto de Alella\">Leer m&aacute;s<\/a><\/p>\n","protected":false},"author":6,"featured_media":0,"parent":3408,"menu_order":0,"comment_status":"closed","ping_status":"closed","template":"page-sidebar.php","meta":{"footnotes":""},"class_list":["post-3682","page","type-page","status-publish","hentry"],"_links":{"self":[{"href":"https:\/\/polititzacionsdelmalestar.org\/es\/wp-json\/wp\/v2\/pages\/3682","targetHints":{"allow":["GET"]}}],"collection":[{"href":"https:\/\/polititzacionsdelmalestar.org\/es\/wp-json\/wp\/v2\/pages"}],"about":[{"href":"https:\/\/polititzacionsdelmalestar.org\/es\/wp-json\/wp\/v2\/types\/page"}],"author":[{"embeddable":true,"href":"https:\/\/polititzacionsdelmalestar.org\/es\/wp-json\/wp\/v2\/users\/6"}],"replies":[{"embeddable":true,"href":"https:\/\/polititzacionsdelmalestar.org\/es\/wp-json\/wp\/v2\/comments?post=3682"}],"version-history":[{"count":11,"href":"https:\/\/polititzacionsdelmalestar.org\/es\/wp-json\/wp\/v2\/pages\/3682\/revisions"}],"predecessor-version":[{"id":7389,"href":"https:\/\/polititzacionsdelmalestar.org\/es\/wp-json\/wp\/v2\/pages\/3682\/revisions\/7389"}],"up":[{"embeddable":true,"href":"https:\/\/polititzacionsdelmalestar.org\/es\/wp-json\/wp\/v2\/pages\/3408"}],"wp:attachment":[{"href":"https:\/\/polititzacionsdelmalestar.org\/es\/wp-json\/wp\/v2\/media?parent=3682"}],"curies":[{"name":"wp","href":"https:\/\/api.w.org\/{rel}","templated":true}]}}

<div id="pl-3682"  class="panel-layout" ><div id="pg-3682-0"  class="panel-grid panel-no-style" ><div id="pgc-3682-0-0"  class="panel-grid-cell" ><div id="panel-3682-0-0-0" class="so-panel widget widget_sow-editor panel-first-child panel-last-child" data-index="0" ><div
			
			class="so-widget-sow-editor so-widget-sow-editor-base"
			
		><h3 class="widget-title">Proyecto educativo</h3>
<div class="siteorigin-widget-tinymce textwidget">
	<p><strong>Taller: Gestión del malestar</strong></p>
<p>Taller proyectado por Letícia Rodríguez y conducido por Xavi Sert. <br />Registro a cargo de Ulla Blanca Lima.  <br />6, 10 y 11 de octubre del 2017. <br />Alumnos de la optativa Visual y Plástica del Instituto de Alella  <br />Con la colaboración de la profesora Montse Agustí</p>
<p>Durante tres días un grupo de casi 30 alumnos del Instituto de Alella ha participado en un taller de arte para trabajar, conjuntamente, el concepto de malestar desde su punto de vista personal.</p>
<p>La investigación del concepto, su significado y la visión de cada cual ante el que han considerado que son sus malestares, ha acontecido la base para desarrollar y canalizar un proyecto mediante la práctica artística desde diferentes disciplinas: pintura, collage y ensamblaje.</p>
<p>A partir de estas experiencias se han generado unas dinámicas que en sí mismas son nuestra aportación para gestionar el malestar desde la creación artística, para acercarnos brevemente al trabajo que supone encarar un conflicto para intentar resolverlo. Sabemos que esta no es una tarea que se pueda resolver en tres días, pero nuestro intento quiere transmitir que aquello que se quiere transformar no nos tiene que dar miedo y que el arte y los procesos artísticos son una herramienta eficaz para remover conciencias.</p>
<p>Durante el trayecto de esta experiencia hemos hecho parada en ejercicios artísticos tomando como referentes el mito de la cavernade Platón, con la idea de la revolución individual para la transformación global, así como el fluctuar existencial postulado por Zygmunt Bauman a La Modernidad Líquida, visionando la reveladora pieza de vídeo La Feria de las Flores de Núria Güell -artista incluida a la exposición Politizaciones del Malestar- o acercándonos al universo mágico de Judith Scott, una artista recluida y libre como pocas.</p>
<p>La ceguera del artista, por ejemplo, se ha plasmado al lienzo mural pintando con los ojos tapados, con el guiaje y apoyo entre compañeros para poder expresar gráficamente las sensaciones de malestar escogidas. También se ha realizado un mural espontáneo donde se representa, en dibujos simples plenos de sinceridad, el que para los alumnos es su malestar, su molestia, sus inquietudes o preocupaciones, pidiendo a otro compañero que intervenga con posterioridad para arreglar el mal rollo, el desasosiego, añadiendo la solución gráfica que considere mejor.</p>
<p>El resultado es una impronta colectiva, visceral y potente, de un grupo de jóvenes como cualquier grupo de jóvenes de cualquiera otro lugar.</p>
</div>
</div></div></div><div id="pgc-3682-0-1"  class="panel-grid-cell" ><div id="panel-3682-0-1-0" class="so-panel widget widget_virtue_gallery_widget virtue_gallery_widget panel-first-child panel-last-child" data-index="1" ><div id="kad-wp-gallery411" class="kad-wp-gallery gallery kt-gallery-column-1 init-isotope-intrinsic reinit-isotope kad-light-wp-gallery clearfix rowtight" data-fade-in="1" data-iso-selector=".g_item" data-iso-style="masonry" data-iso-filter="false"><div class="tcol-lg-12 tcol-md-12 tcol-sm-12 tcol-xs-12 tcol-ss-12 g_item"><div class="grid_item kt_item_fade_in kad_gallery_fade_in gallery_item"><a href="https://polititzacionsdelmalestar.org/wp-content/uploads/2018/01/01-4.jpg" data-rel="lightbox" class="lightboxhover"><div class="kt-intrinsic" style="padding-bottom:100%;"><div itemprop="image" itemscope itemtype="https://schema.org/ImageObject"><img loading="lazy" decoding="async" width="560" height="560" src="https://polititzacionsdelmalestar.org/wp-content/uploads/2018/01/01-4-560x560.jpg" srcset="https://polititzacionsdelmalestar.org/wp-content/uploads/2018/01/01-4-560x560.jpg 560w, https://polititzacionsdelmalestar.org/wp-content/uploads/2018/01/01-4-150x150.jpg 150w" sizes="auto, (max-width: 560px) 100vw, 560px" data-caption="Taller en el Instituto de Alella" class="light-dropshaddow" itemprop="contentUrl" alt=""><meta itemprop="url" content="https://polititzacionsdelmalestar.org/wp-content/uploads/2018/01/01-4-560x560.jpg"><meta itemprop="width" content="560px"><meta itemprop="height" content="560px"></div></div><div class="caption kad_caption"><div class="kad_caption_inner">Taller en el Instituto de Alella</div></div></a></div></div></div></div></div></div></div>

<p>Taller: Gestión del malestar Taller proyectado por Letícia Rodríguez y conducido por Xavi Sert. Registro a cargo de Ulla Blanca Lima.  6, 10 y 11 de octubre del 2017. Alumnos de la optativa Visual y Plástica &hellip; <a class="kt-excerpt-readmore" href="https://polititzacionsdelmalestar.org/es/activitats/taller-institut-alella/" aria-label="Taller en el Instituto de Alella">Leer m&aacute;s</a></p>
