


{"id":3420,"date":"2018-01-22T16:56:44","date_gmt":"2018-01-22T16:56:44","guid":{"rendered":"https:\/\/polititzacionsdelmalestar.org\/activitats\/aula-oberta-heteronims\/?lang=es"},"modified":"2018-03-01T17:09:32","modified_gmt":"2018-03-01T17:09:32","slug":"aula-oberta-heteronims","status":"publish","type":"page","link":"https:\/\/polititzacionsdelmalestar.org\/es\/activitats\/aula-oberta-heteronims\/","title":{"rendered":"Aula abierta. Heter\u00f2nims"},"content":{"rendered":"<div id=\"pl-3420\"  class=\"panel-layout\" ><div id=\"pg-3420-0\"  class=\"panel-grid panel-no-style\" ><div id=\"pgc-3420-0-0\"  class=\"panel-grid-cell panel-grid-cell-mobile-last\" ><div id=\"panel-3420-0-0-0\" class=\"so-panel widget widget_sow-editor panel-first-child panel-last-child\" data-index=\"0\" ><div\n\t\t\t\n\t\t\tclass=\"so-widget-sow-editor so-widget-sow-editor-base\"\n\t\t\t\n\t\t><h3 class=\"widget-title\">Aula abierta. Heter\u00f3nimos<\/h3>\n<div class=\"siteorigin-widget-tinymce textwidget\">\n\t<p>Aula abierta a cargo de\u00a0<a href=\"https:\/\/polititzacionsdelmalestar.org\/qui-som\/?lang=es\"><strong>Nora Ancarola<\/strong><\/a> (artista y coordinadora del proyecto Politizaciones del Malestar),\u00a0<a href=\"https:\/\/polititzacionsdelmalestar.org\/qui-som\/?lang=es\"><strong>Laia Manonelles<\/strong><\/a>\u00a0(Cr\u00edtica y coordinadora del proyecto Politizaciones del Malestar),\u00a0<a href=\"https:\/\/polititzacionsdelmalestar.org\/qui-som\/?lang=es\"><strong>Daniel Gasol<\/strong><\/a><strong>\u00a0<\/strong>(artista y coordinador del proyecto Politizaciones del Malestar),\u00a0<a href=\"https:\/\/polititzacionsdelmalestar.org\/entrevistes\/?lang=es\"><strong>Laura Mercader<\/strong><\/a> (Profesora de Historia del Arte) y <strong>Maia Creus<\/strong> (Historiadora del Arte).<\/p>\n<p><img loading=\"lazy\" decoding=\"async\" class=\"alignnone size-medium wp-image-1710\" src=\"https:\/\/polititzacionsdelmalestar.org\/wp-content\/uploads\/2018\/01\/aula-oberta4-300x174.jpg\" alt=\"\" width=\"1280\" height=\"743\" srcset=\"https:\/\/polititzacionsdelmalestar.org\/wp-content\/uploads\/2018\/01\/aula-oberta4-300x174.jpg 300w, https:\/\/polititzacionsdelmalestar.org\/wp-content\/uploads\/2018\/01\/aula-oberta4-768x446.jpg 768w, https:\/\/polititzacionsdelmalestar.org\/wp-content\/uploads\/2018\/01\/aula-oberta4-1024x594.jpg 1024w, https:\/\/polititzacionsdelmalestar.org\/wp-content\/uploads\/2018\/01\/aula-oberta4.jpg 1280w\" sizes=\"auto, (max-width: 1280px) 100vw, 1280px\" \/><\/p>\n<p>En esta sesi\u00f3n de trabajo, se hablar\u00e1 de la obra de Marga Ximenez y de su exposici\u00f3n en curso en el Centro de Arte Maristany: Heter\u00f3nimos \u2013 de una intersecaci\u00f3n de procesos 1998 \/ 2017 y se pondr\u00e1 en relaci\u00f3n con el proyecto organizado y producido por el Centre d\u2019Art Santa M\u00f2nica Politizaciones del Malestar.<\/p>\n<p>En esta exposici\u00f3n Marga Ximenez confiesa sus heter\u00f3nimos.<span title=\"Heter\u00f3nimo: Se entiende por heter\u00f3nimo el autor ficticio del cual se valen ciertos autores reales para crear una obra paralela o diferente de la suya.\">(*1)<\/span> Durante 10 a\u00f1os su trabajo ha aparecido p\u00fablicamente bajo otras r\u00fabricas m\u00e1s que por su propio nombre.<\/p>\n<p>Fue creando 19 identidades diferentes que le permit\u00edan experimentar creativamente sin ser deudora de su pasado art\u00edstico. Una convivencia pac\u00edfica entre su \u201cyo\u201d y sus \u201cotros\u201d que durante este tiempo ha dado sus frutos en varias exposiciones y cert\u00e1menes p\u00fablicos.<\/p>\n<p>Unos heter\u00f3nimos que han desafiado a cr\u00edticos, informadores e historiadores, que han visto en estas firmas y biograf\u00edas inventadas nuevas aportaciones al panorama del arte, siempre a punto de recibir nuevas fornades de artistas, que tan pronto aparecen como desaparecen de una escena en que las dificultades se reflejan en una pista de hielo sobre la cual el equilibrio no est\u00e1 asegurado.<\/p>\n<\/div>\n<\/div><\/div><\/div><div id=\"pgc-3420-0-1\"  class=\"panel-grid-cell panel-grid-cell-empty\" ><\/div><\/div><\/div>","protected":false},"excerpt":{"rendered":"<p>Aula abierta a cargo de\u00a0Nora Ancarola (artista y coordinadora del proyecto Politizaciones del Malestar),\u00a0Laia Manonelles\u00a0(Cr\u00edtica y coordinadora del proyecto Politizaciones del Malestar),\u00a0Daniel Gasol\u00a0(artista y coordinador del proyecto Politizaciones del Malestar),\u00a0Laura Mercader (Profesora de Historia del Arte) &hellip; <a class=\"kt-excerpt-readmore\" href=\"https:\/\/polititzacionsdelmalestar.org\/es\/activitats\/aula-oberta-heteronims\/\" aria-label=\"Aula abierta. Heter\u00f2nims\">Leer m&aacute;s<\/a><\/p>\n","protected":false},"author":6,"featured_media":0,"parent":3408,"menu_order":0,"comment_status":"closed","ping_status":"closed","template":"page-sidebar.php","meta":{"footnotes":""},"class_list":["post-3420","page","type-page","status-publish","hentry"],"_links":{"self":[{"href":"https:\/\/polititzacionsdelmalestar.org\/es\/wp-json\/wp\/v2\/pages\/3420","targetHints":{"allow":["GET"]}}],"collection":[{"href":"https:\/\/polititzacionsdelmalestar.org\/es\/wp-json\/wp\/v2\/pages"}],"about":[{"href":"https:\/\/polititzacionsdelmalestar.org\/es\/wp-json\/wp\/v2\/types\/page"}],"author":[{"embeddable":true,"href":"https:\/\/polititzacionsdelmalestar.org\/es\/wp-json\/wp\/v2\/users\/6"}],"replies":[{"embeddable":true,"href":"https:\/\/polititzacionsdelmalestar.org\/es\/wp-json\/wp\/v2\/comments?post=3420"}],"version-history":[{"count":11,"href":"https:\/\/polititzacionsdelmalestar.org\/es\/wp-json\/wp\/v2\/pages\/3420\/revisions"}],"predecessor-version":[{"id":9254,"href":"https:\/\/polititzacionsdelmalestar.org\/es\/wp-json\/wp\/v2\/pages\/3420\/revisions\/9254"}],"up":[{"embeddable":true,"href":"https:\/\/polititzacionsdelmalestar.org\/es\/wp-json\/wp\/v2\/pages\/3408"}],"wp:attachment":[{"href":"https:\/\/polititzacionsdelmalestar.org\/es\/wp-json\/wp\/v2\/media?parent=3420"}],"curies":[{"name":"wp","href":"https:\/\/api.w.org\/{rel}","templated":true}]}}

Aula abierta. Heterònims

<div id="pl-3420"  class="panel-layout" ><div id="pg-3420-0"  class="panel-grid panel-no-style" ><div id="pgc-3420-0-0"  class="panel-grid-cell panel-grid-cell-mobile-last" ><div id="panel-3420-0-0-0" class="so-panel widget widget_sow-editor panel-first-child panel-last-child" data-index="0" ><div
			
			class="so-widget-sow-editor so-widget-sow-editor-base"
			
		><h3 class="widget-title">Aula abierta. Heterónimos</h3>
<div class="siteorigin-widget-tinymce textwidget">
	<p>Aula abierta a cargo de <a href="https://polititzacionsdelmalestar.org/qui-som/?lang=es"><strong>Nora Ancarola</strong></a> (artista y coordinadora del proyecto Politizaciones del Malestar), <a href="https://polititzacionsdelmalestar.org/qui-som/?lang=es"><strong>Laia Manonelles</strong></a> (Crítica y coordinadora del proyecto Politizaciones del Malestar), <a href="https://polititzacionsdelmalestar.org/qui-som/?lang=es"><strong>Daniel Gasol</strong></a><strong> </strong>(artista y coordinador del proyecto Politizaciones del Malestar), <a href="https://polititzacionsdelmalestar.org/entrevistes/?lang=es"><strong>Laura Mercader</strong></a> (Profesora de Historia del Arte) y <strong>Maia Creus</strong> (Historiadora del Arte).</p>
<p><img loading="lazy" decoding="async" class="alignnone size-medium wp-image-1710" src="https://polititzacionsdelmalestar.org/wp-content/uploads/2018/01/aula-oberta4-300x174.jpg" alt="" width="1280" height="743" srcset="https://polititzacionsdelmalestar.org/wp-content/uploads/2018/01/aula-oberta4-300x174.jpg 300w, https://polititzacionsdelmalestar.org/wp-content/uploads/2018/01/aula-oberta4-768x446.jpg 768w, https://polititzacionsdelmalestar.org/wp-content/uploads/2018/01/aula-oberta4-1024x594.jpg 1024w, https://polititzacionsdelmalestar.org/wp-content/uploads/2018/01/aula-oberta4.jpg 1280w" sizes="auto, (max-width: 1280px) 100vw, 1280px" /></p>
<p>En esta sesión de trabajo, se hablará de la obra de Marga Ximenez y de su exposición en curso en el Centro de Arte Maristany: Heterónimos – de una intersecación de procesos 1998 / 2017 y se pondrá en relación con el proyecto organizado y producido por el Centre d’Art Santa Mònica Politizaciones del Malestar.</p>
<p>En esta exposición Marga Ximenez confiesa sus heterónimos.<span title="Heterónimo: Se entiende por heterónimo el autor ficticio del cual se valen ciertos autores reales para crear una obra paralela o diferente de la suya.">(*1)</span> Durante 10 años su trabajo ha aparecido públicamente bajo otras rúbricas más que por su propio nombre.</p>
<p>Fue creando 19 identidades diferentes que le permitían experimentar creativamente sin ser deudora de su pasado artístico. Una convivencia pacífica entre su “yo” y sus “otros” que durante este tiempo ha dado sus frutos en varias exposiciones y certámenes públicos.</p>
<p>Unos heterónimos que han desafiado a críticos, informadores e historiadores, que han visto en estas firmas y biografías inventadas nuevas aportaciones al panorama del arte, siempre a punto de recibir nuevas fornades de artistas, que tan pronto aparecen como desaparecen de una escena en que las dificultades se reflejan en una pista de hielo sobre la cual el equilibrio no está asegurado.</p>
</div>
</div></div></div><div id="pgc-3420-0-1"  class="panel-grid-cell panel-grid-cell-empty" ></div></div></div>

<p>Aula abierta a cargo de Nora Ancarola (artista y coordinadora del proyecto Politizaciones del Malestar), Laia Manonelles (Crítica y coordinadora del proyecto Politizaciones del Malestar), Daniel Gasol (artista y coordinador del proyecto Politizaciones del Malestar), Laura Mercader (Profesora de Historia del Arte) &hellip; <a class="kt-excerpt-readmore" href="https://polititzacionsdelmalestar.org/es/activitats/aula-oberta-heteronims/" aria-label="Aula abierta. Heterònims">Leer m&aacute;s</a></p>
