


{"id":11459,"date":"2024-11-05T19:00:54","date_gmt":"2024-11-05T19:00:54","guid":{"rendered":"https:\/\/polititzacionsdelmalestar.org\/archivo-polifonias\/"},"modified":"2025-01-08T15:01:52","modified_gmt":"2025-01-08T15:01:52","slug":"archivo-polifonias","status":"publish","type":"page","link":"https:\/\/polititzacionsdelmalestar.org\/es\/archivo-polifonias\/","title":{"rendered":"Archivo polifon\u00edas"},"content":{"rendered":"<div id=\"pl-11459\"  class=\"panel-layout\" ><div id=\"pg-11459-0\"  class=\"panel-grid panel-no-style\" ><div id=\"pgc-11459-0-0\"  class=\"panel-grid-cell\" ><div id=\"panel-11459-0-0-0\" class=\"so-panel widget widget_sow-editor panel-first-child\" data-index=\"0\" ><div class=\"panel-widget-style panel-widget-style-for-11459-0-0-0\" ><div\n\t\t\t\n\t\t\tclass=\"so-widget-sow-editor so-widget-sow-editor-base\"\n\t\t\t\n\t\t>\n<div class=\"siteorigin-widget-tinymce textwidget\">\n\t<p style=\"text-align: center;\"><strong>Relatos para deconstruir la violencia machista desde la Historia del arte<\/strong><\/p>\n<\/div>\n<\/div><\/div><\/div><div id=\"panel-11459-0-0-1\" class=\"so-panel widget widget_sow-editor panel-last-child\" data-index=\"1\" ><div\n\t\t\t\n\t\t\tclass=\"so-widget-sow-editor so-widget-sow-editor-base\"\n\t\t\t\n\t\t><h3 class=\"widget-title\">Archivo polifon\u00edas<\/h3>\n<div class=\"siteorigin-widget-tinymce textwidget\">\n\t<p><strong>Polifon\u00edas<\/strong><br \/>\n El grupo docente \u201cPolifonies\u201d est\u00e1 formado por profesoras del Grado de Historia del arte, de la Facultad de Geograf\u00eda e Historia de la UB, que imparten asignaturas vinculadas con el arte contempor\u00e1neo, la teor\u00eda del arte y la sociolog\u00eda del arte.<br \/>\n En este marco, la finalidad del proyecto Polifon\u00edas. Relatos para deconstruir la violencia machista desde la Historia del arte es reflexionar sobre la necesidad de desplazar los paradigmas androc\u00e9ntricos, euroc\u00e9ntricos y clasistas, haciendo especial \u00e9nfasis en la violencia machista que a menudo aparece en el relato hegem\u00f3nico de la historia del arte. El proyecto recoge una selecci\u00f3n de diferentes proyectos art\u00edsticos que reflexionan, dan visibilidad, denuncian y repararon distintas manifestaciones vinculadas con la violencia machista.  <\/p>\n<p><em>Con el apoyo del Consejo Interuniversitario de Catalunya.<\/em><\/p>\n<\/div>\n<\/div><\/div><\/div><div id=\"pgc-11459-0-1\"  class=\"panel-grid-cell\" ><div id=\"panel-11459-0-1-0\" class=\"so-panel widget widget_virtue_gallery_widget virtue_gallery_widget panel-first-child panel-last-child\" data-index=\"2\" ><\/div><\/div><\/div><\/div>","protected":false},"excerpt":{"rendered":"<p>Relatos para deconstruir la violencia machista desde la Historia del arte Polifon\u00edas El grupo docente \u201cPolifonies\u201d est\u00e1 formado por profesoras del Grado de Historia del arte, de la Facultad de Geograf\u00eda e Historia de la UB, &hellip; <a class=\"kt-excerpt-readmore\" href=\"https:\/\/polititzacionsdelmalestar.org\/es\/archivo-polifonias\/\" aria-label=\"Archivo polifon\u00edas\">Leer m&aacute;s<\/a><\/p>\n","protected":false},"author":8,"featured_media":0,"parent":0,"menu_order":0,"comment_status":"closed","ping_status":"closed","template":"page-sidebar.php","meta":{"footnotes":""},"class_list":["post-11459","page","type-page","status-publish","hentry"],"_links":{"self":[{"href":"https:\/\/polititzacionsdelmalestar.org\/es\/wp-json\/wp\/v2\/pages\/11459","targetHints":{"allow":["GET"]}}],"collection":[{"href":"https:\/\/polititzacionsdelmalestar.org\/es\/wp-json\/wp\/v2\/pages"}],"about":[{"href":"https:\/\/polititzacionsdelmalestar.org\/es\/wp-json\/wp\/v2\/types\/page"}],"author":[{"embeddable":true,"href":"https:\/\/polititzacionsdelmalestar.org\/es\/wp-json\/wp\/v2\/users\/8"}],"replies":[{"embeddable":true,"href":"https:\/\/polititzacionsdelmalestar.org\/es\/wp-json\/wp\/v2\/comments?post=11459"}],"version-history":[{"count":3,"href":"https:\/\/polititzacionsdelmalestar.org\/es\/wp-json\/wp\/v2\/pages\/11459\/revisions"}],"predecessor-version":[{"id":11737,"href":"https:\/\/polititzacionsdelmalestar.org\/es\/wp-json\/wp\/v2\/pages\/11459\/revisions\/11737"}],"wp:attachment":[{"href":"https:\/\/polititzacionsdelmalestar.org\/es\/wp-json\/wp\/v2\/media?parent=11459"}],"curies":[{"name":"wp","href":"https:\/\/api.w.org\/{rel}","templated":true}]}}

Archivo polifonías

<div id="pl-11459"  class="panel-layout" ><div id="pg-11459-0"  class="panel-grid panel-no-style" ><div id="pgc-11459-0-0"  class="panel-grid-cell" ><div id="panel-11459-0-0-0" class="so-panel widget widget_sow-editor panel-first-child" data-index="0" ><div class="panel-widget-style panel-widget-style-for-11459-0-0-0" ><div
			
			class="so-widget-sow-editor so-widget-sow-editor-base"
			
		>
<div class="siteorigin-widget-tinymce textwidget">
	<p style="text-align: center;"><strong>Relatos para deconstruir la violencia machista desde la Historia del arte</strong></p>
</div>
</div></div></div><div id="panel-11459-0-0-1" class="so-panel widget widget_sow-editor panel-last-child" data-index="1" ><div
			
			class="so-widget-sow-editor so-widget-sow-editor-base"
			
		><h3 class="widget-title">Archivo polifonías</h3>
<div class="siteorigin-widget-tinymce textwidget">
	<p><strong>Polifonías</strong><br />
 El grupo docente “Polifonies” está formado por profesoras del Grado de Historia del arte, de la Facultad de Geografía e Historia de la UB, que imparten asignaturas vinculadas con el arte contemporáneo, la teoría del arte y la sociología del arte.<br />
 En este marco, la finalidad del proyecto Polifonías. Relatos para deconstruir la violencia machista desde la Historia del arte es reflexionar sobre la necesidad de desplazar los paradigmas androcéntricos, eurocéntricos y clasistas, haciendo especial énfasis en la violencia machista que a menudo aparece en el relato hegemónico de la historia del arte. El proyecto recoge una selección de diferentes proyectos artísticos que reflexionan, dan visibilidad, denuncian y repararon distintas manifestaciones vinculadas con la violencia machista.  </p>
<p><em>Con el apoyo del Consejo Interuniversitario de Catalunya.</em></p>
</div>
</div></div></div><div id="pgc-11459-0-1"  class="panel-grid-cell" ><div id="panel-11459-0-1-0" class="so-panel widget widget_virtue_gallery_widget virtue_gallery_widget panel-first-child panel-last-child" data-index="2" ></div></div></div></div>

<p>Relatos para deconstruir la violencia machista desde la Historia del arte Polifonías El grupo docente “Polifonies” está formado por profesoras del Grado de Historia del arte, de la Facultad de Geografía e Historia de la UB, &hellip; <a class="kt-excerpt-readmore" href="https://polititzacionsdelmalestar.org/es/archivo-polifonias/" aria-label="Archivo polifonías">Leer m&aacute;s</a></p>
